t l = 1 + 8. Suppose 0 = -f - 3*n + 78, -26 = -5*f + 3*n + 382. Calculate the highest common divisor of f and l.
9
Let u(q) = 33*q**3 - 20*q**2 - 2*q**2 - 15*q**3 - 6 - 19*q**3 - 25*q. Let g be u(-21). Calculate the highest common factor of 52 and g.
26
Suppose -60*x + 44*x = -1296. What is the greatest common divisor of x and 3?
3
Let i(m) = m**2 - 6*m - 44. Let h be i(15). Let z = h - 73. What is the highest common factor of z and 144?
18
Let l = -263 + 291. What is the highest common factor of l and 182?
14
Let r be 25/(-50) + (-15)/(-2) - -9. Calculate the highest common factor of 16 and r.
16
Let n be ((-46)/115)/(0 - (-1)/(-90)). Let k = n + -28. Calculate the highest common divisor of k and 88.
8
Let k(b) = 20*b**2 - 6*b - 6. Let i = 107 + -108. Let y be k(i). Calculate the greatest common factor of 8 and y.
4
Let h be 516 + 7/(-28)*(-7 - -3). Calculate the greatest common factor of h and 47.
47
Suppose 419*s = 413*s - 600. Let k be 2/4 + 702/4. Let l = s + k. What is the greatest common divisor of l and 19?
19
Let n = 1058 - 937. Let j(l) = 5*l + 1. Let b be j(2). What is the highest common factor of n and b?
11
Let h be ((-40)/25)/4 + 77/5. Calculate the greatest common factor of 780 and h.
15
Let t(d) = -d**3 + 13*d**2 + 13*d + 14. Let v be t(14). Suppose 2*g + v - 6 = 0. Suppose -56 = -g*l - 2. What is the highest common divisor of l and 90?
18
Suppose 29*q = 1530 - 341. Calculate the highest common divisor of 1230 and q.
41
Let p be 125/(-5)*6/(-15). Suppose 2*z - 226 = i, -3*i - 440 = -4*z - 4*i. Suppose -11 = 4*g - z. Calculate the highest common factor of p and g.
5
Let x be 1 + 2 + (-2 - -30). Let g = x + 43. Suppose 5*c - 2*q = 206, 2*c = -q + g + 12. Calculate the highest common divisor of c and 28.
14
Let d be 4 + (3 - (8 - 5 - 5)). What is the greatest common divisor of 1 and d?
1
Let r(k) = -k**3 - 32*k**2 + 67*k - 28. Let p be r(-34). What is the highest common factor of 96 and p?
6
Let v be 64/224 - (-542)/14. What is the greatest common factor of 3 and v?
3
Suppose 174 = -4*d - p + 496, 0 = -3*d + 3*p + 249. Let g = -22 + 28. Let u = 15 - g. What is the greatest common factor of d and u?
9
Suppose -11*p + 496 = 4*r - 7*p, r = -3*p + 120. What is the greatest common divisor of 12 and r?
6
Suppose -3*w = -4*x - 58, 8*w - 7*w + 5*x + 6 = 0. What is the greatest common divisor of 56 and w?
14
Let d be -1 - -3 - (-8)/1. Let r be -50 - -45 - (-2 - -1 - -1). Let y be ((-45)/(-7) + r)*7. Calculate the greatest common factor of y and d.
10
Let k = 177 - 166. Calculate the highest common divisor of k and 11.
11
Suppose -o + 19 = -29. Suppose 22*f - 20*f + 28 = 0. Let d = -2 - f. What is the greatest common factor of o and d?
12
Suppose -37 = -3*r + 215. Let q = 106 - r. What is the highest common divisor of 176 and q?
22
Let n(y) = 2*y**2 + 11*y + 23. Let d be n(10). Let a = -222 + d. What is the greatest common divisor of a and 37?
37
Suppose -86 = -25*h + 23*h. Calculate the highest common factor of 258 and h.
43
Let b be (-1827)/(-9 - -2) + (1 - 2). Calculate the greatest common divisor of b and 104.
52
Let m(y) = y + 48. Let b be m(-26). What is the greatest common divisor of b and 528?
22
Let o(v) = -2*v + 60. Let t be o(27). What is the highest common divisor of 15 and t?
3
Let b = -516 + 706. Calculate the greatest common factor of 5 and b.
5
Let x(j) = -53*j + 398. Let f be x(4). Calculate the highest common factor of f and 6.
6
Suppose -3*t = -3*b + 47 - 2, -t - 7 = b. Let w(i) = -7*i - 17. Let n be w(t). What is the greatest common factor of 15 and n?
15
Suppose 0 = -3*f + 42 + 18. What is the highest common factor of f and 40?
20
Let p = 294 + -150. Suppose -2*o + 12 = 4*a, -4*a + 10 = o - 0*o. Suppose -2*r = -3*r - 5*l - o, 2*l + 98 = 5*r. What is the greatest common factor of p and r?
18
Let m = 103 + -67. Calculate the greatest common divisor of m and 552.
12
Suppose 0 = -5*g + 3*y + 2022, 0 = -4*y - 25 + 29. What is the highest common factor of g and 10?
5
Let n = 0 + 27. Suppose -37*o + 240 = -n*o. Let m be (-42)/(-5) - (-4)/(-10). What is the greatest common divisor of o and m?
8
Suppose -m + 6*m = -4*g + 172, -106 = -3*m - g. Suppose -55*c - o - 29 = -56*c, 67 = 3*c + o. What is the greatest common factor of m and c?
12
Let r = 67 - 49. Suppose 0 = -5*l - 25, t - 4*t + 4*l + 506 = 0. Calculate the highest common divisor of t and r.
18
Let v = -6 - -11. Let d(z) = -v*z + z + 9*z**2 - 5 + z**3 + 4*z. Let c be d(-4). Calculate the greatest common divisor of 15 and c.
15
Suppose -18 = -i + 36. Suppose -2*n + 2*p = 3 + 13, -28 = 3*n - 4*p. Let s be 128/7 + n/14. Calculate the greatest common factor of i and s.
18
Let b = 25 - 29. Let p be b - (-54 + -2)/4. Calculate the greatest common divisor of 90 and p.
10
Let o = 559 + -351. Let w = -148 + o. Calculate the greatest common factor of 48 and w.
12
Let s be (-13)/(-3) - (-1)/(-3). Suppose -2*g = 4*b - 92, s*g - 88 = -4*b + 3*g. What is the highest common divisor of 56 and b?
7
Let w be (42/9)/((-6)/(-9)). Let o be 2/w - (-20)/28. What is the highest common factor of o and 7?
1
Suppose 39*p - 3024 = -3*p. Let d(s) = 2 + s - 2*s + 1. Let o be d(-6). Calculate the highest common factor of p and o.
9
Let k(x) = -29*x + 34. Let s be k(-1). What is the greatest common divisor of s and 273?
21
Let c be (60/(-27) - -2) + 130/18. Suppose 0 = w - 27 + c. Let j(u) = 221*u**3 - u**2. Let g be j(1). What is the highest common factor of w and g?
20
Suppose 2*n + 5 = 41. Suppose v - 17*v - 684 = -54*v. What is the greatest common divisor of v and n?
18
Suppose -37 = 5*a - 7. Let r(x) = -x**3 + 7*x**2 - 3*x + 2. Let y be r(6). Let h be (10/a)/(y/(-72)). What is the highest common divisor of h and 2?
2
Let v(n) = 15*n**3 + n**2 + 4. Let s be v(3). Let m = 36 + -25. Suppose 0*p + m*p = 418. What is the greatest common divisor of p and s?
38
Suppose -4*a + 77 = 3*a. Suppose a*j - 4*j - 105 = 0. Suppose -3*q - 2*q - 3*t + 825 = 0, t = -2*q + 330. Calculate the greatest common factor of q and j.
15
Suppose -4*m + 0 = -4. Let t be 36 + m - (1 + 0). Suppose 0 = -2*l - 4*v + 25 - 1, -4*l = 4*v - 60. Calculate the highest common divisor of l and t.
18
Let z(h) = -h**3 - 13*h**2 - 13*h + 13. Let c be z(-12). What is the greatest common divisor of c and 50?
25
Let l(g) = -g**3 - 21*g**2 + 14*g - 47. Let b be l(-23). What is the highest common factor of b and 212?
53
Suppose -332 = 10*x - 852. Calculate the greatest common divisor of 52 and x.
52
Let n(l) = 3*l**2 - 52*l - 1. Let w be n(18). What is the highest common factor of w and 105?
35
Let g(v) = -v**3 + 15*v**2 + 35*v - 40. Let s be g(14). What is the highest common factor of 38 and s?
38
Let i(q) = -q + 26. Let z be i(-28). What is the greatest common divisor of 6 and z?
6
Let k = 758 - 682. Calculate the highest common factor of 38 and k.
38
Let o = 1039 + -911. Calculate the highest common factor of o and 80.
16
Suppose 0 = 2*q - 4*k - 36, 0 = -2*k + 3*k + 5. Calculate the highest common divisor of q and 88.
8
Suppose 25 = 5*i - 50. Let r be 84*((-25)/i - -2). What is the greatest common factor of r and 70?
14
Suppose 4*i + 3*y - 924 = 0, -4*i + y = -954 + 30. What is the highest common divisor of i and 385?
77
Let x = -8 + 18. Let m(w) = -w**2 + 9*w + 7. Let f be (7 - 7) + 4*2. Let u be m(f). Calculate the greatest common factor of u and x.
5
Let w be (368/69)/(2/(-108)). Suppose -t + 35 + 106 = -5*v, -2*v - 2*t - 54 = 0. Let l be (w/v)/(6/28). Calculate the greatest common factor of l and 6.
6
Let m be (4 + -140)/(-8)*5. Calculate the highest common divisor of m and 204.
17
Suppose -13*i + 14*i + 4*u = 6, 3*i = -4*u + 58. Calculate the greatest common divisor of 1664 and i.
26
Let g be (-12)/(-84) - (-1301)/7. Suppose 114 = 5*i - g. Suppose d = -12*d + 312. What is the greatest common divisor of d and i?
12
Suppose -4*f + 0*f + 4*g = 4, -3*g + 11 = f. Suppose -f*t + 23 = -31. Calculate the greatest common factor of 54 and t.
27
Let t(g) = g**2 + 7*g + 6. Let p be t(-10). Let m be 5*2 - (7 - 9). Calculate the greatest common factor of m and p.
12
Suppose 2*g = -2, -2*p + 4*g = -6*p - 8. Let w be 28/21*(-19 - p). Let j be 232/3 - (-8)/w. Calculate the greatest common divisor of 7 and j.
7
Suppose -1985 = -5*n - 4*x, -3*n = -n - 4